e tens digit of p?
2
Let q = 0 + 3. Suppose 4*f + 4*c - 16 = 0, -4*f - c = -q*c - 40. What is the units digit of 138/f + (-2)/8?
7
Suppose -7 = 4*m - 3*f, 3*m - 4*f + 14 + 0 = 0. Suppose -5*j = 10, 3*j = g + 2*j - 4. Suppose g*b - 53 = -b - x, 3*x + 50 = m*b. What is the tens digit of b?
1
Suppose 5*z = 24 + 1. Suppose 15 = z*s - 10. Suppose -5*j + 2*j = 5*v - 240, 4*v = -s*j + 179. What is the tens digit of v?
5
Let v(c) be the second derivative of -c**3/6 + 6*c. What is the tens digit of v(-17)?
1
Let h(x) = -5*x - 26. Let l be h(-7). Suppose 3*d + l = -r + d, 0 = 5*d + 25. What is the units digit of r?
1
Suppose -4*y + 1224 = 2*k, -k = 3*y + 4*k - 904. What is the units digit of y?
8
Suppose 1117 = 2*z + 3*w, -13*z + 10*z + 2*w + 1669 = 0. What is the tens digit of z?
5
What is the units digit of ((-52)/6)/(-2 + (-168)/(-90))?
5
What is the hundreds digit of 149 - (-4 + (-8 - -10))?
1
Let y(j) = -2*j**3 + 34*j**2 - 4*j - 1. What is the tens digit of y(9)?
5
Let m(p) = 3*p - 12. Let f be m(5). What is the units digit of f*((-344)/(-12) - -4)?
8
Let v(x) = -x - 5. Let z be v(1). Let y(c) = 3 + 0 - 6*c**2 - c**3 - 2 - 4*c. What is the tens digit of y(z)?
2
Suppose -5*m - 5*g - 118 = -33, 5*g = 5*m + 95. Let l = m - -23. Suppose -l*a + 125 - 35 = 0. What is the tens digit of a?
1
Let p be -12*((-6)/9)/2. Suppose 3*v + 5*x - x - 64 = 0, 2*v + p*x = 48. Suppose 19*f - v*f = 30. What is the units digit of f?
0
Suppose 3*n - 4*y - 203 = 0, 3*n - 231 = -y - 2*y. What is the units digit of (n - (0 + (4 - 3))) + -3?
9
Let s = -1258 - -1998. What is the hundreds digit of s?
7
Suppose -h - 16 = -0*h. Let v = h - -20. Suppose -6*o - 27 = -3*c - 3*o, 3*c + v*o - 55 = 0. What is the tens digit of c?
1
Suppose 5*b - 14 - 1 = 0, -3*q - 3*b = -123. What is the tens digit of q?
3
Suppose 5*a + 5*g - 65 = -0*g, -3*g = -a + 17. Let x be a/2 + -3 + 0. Suppose -5*z + z + x*d = -12, 3*z + d = 5. What is the units digit of z?
2
Suppose 4*z - 12 = -2*l, 4*z + z - 1 = l. Suppose l*t + 2*j = 20, 2 = 5*j - 8. Suppose t*k - 5*w = -2, 4*w = -2*k + w + 10. What is the units digit of k?
2
Suppose v = 19 + 18. Let u = v + 21. What is the tens digit of u?
5
Let l(o) = o**2 - 14*o + 32. What is the units digit of l(13)?
9
Let x = -72 - -74. Suppose -14 = -4*q + 4*l + 158, 5*l - 72 = -x*q. What is the tens digit of q?
4
Suppose -3*i = -2*q - 143, -232 = -5*i - 3*q - 0*q. Let o = 1 + i. What is the tens digit of o?
4
Let y be (1/(-3))/(21/(-441)). Suppose -y*o = -3*o - 216. What is the tens digit of o?
5
Let c(u) = -u + 1. Let y be c(1). Suppose -5*x + 1171 - 91 = y. What is the units digit of x?
6
Let o(c) = c**2 + c - 12. Let r be (-52)/(-24) + (-5)/30. Suppose -5*m + 28 = -r*h + 71, m - 5*h = -4. What is the units digit of o(m)?
0
Let w = 232 + -45. What is the tens digit of w?
8
Suppose -248 + 38 = -15*w. What is the tens digit of w + -3*6/18?
1
What is the thousands digit of ((-11096)/57)/(4/(-30))?
1
Suppose a = 9*h - 10*h + 403, -2*h + 815 = 5*a. What is the hundreds digit of h?
4
Suppose 5*f = -2199 + 17689. What is the units digit of f?
8
Let a(g) = -264*g**3 + 2*g**2 + g - 4. What is the units digit of a(-2)?
4
Suppose -7*u = -5*u - 4*l - 440, -4*l = 4*u - 832. What is the tens digit of u?
1
Suppose 6*t = 3*t - 123. Let k = t + 68. What is the units digit of k?
7
Suppose g + h + 4854 = 5*g, -3*g = 4*h - 3650. What is the hundreds digit of g?
2
Suppose 4*o = -n + 6228, -659 = 2*o - 3*n - 3773. What is the tens digit of o?
5
Suppose -2*k = -109 + 7. Suppose 85 = 4*f - k. What is the units digit of f?
4
Suppose 15 = -5*a + 5*u - 0*u, 5 = u. Suppose -5*t = -4*r + 421, t + 2*t = -a*r + 205. What is the hundreds digit of r?
1
Let y = 9 - 10. Let u(l) = -5*l - 2. Let p be u(y). Suppose 0*n - p*n + 96 = 0. What is the tens digit of n?
3
Suppose 5*j - 1 = -4*k - 4, -55 = 5*k - 4*j. Let r = k - -43. Suppose 38 = 2*n - 4*l, -2*n + 5*l = -1 - r. What is the tens digit of n?
2
Let d = -52 + 36. Let c be (d/5)/((-6)/45). Suppose 4 = 2*z - c. What is the tens digit of z?
1
Suppose 0 = -6*w + 3*w - 5*a + 2638, 2*w + 3*a - 1760 = 0. What is the hundreds digit of w?
8
Suppose -3*c + 4*h + 21307 = 3653, -2*h - 17662 = -3*c. What is the thousands digit of c?
5
Suppose 0*y = 4*y + 3*a + 69, y - 5*a + 46 = 0. Let o be 1/((y/(-162))/7). Let i = o - -18. What is the units digit of i?
2
Suppose j - 2*j - s = -18, 2*j - 48 = 4*s. Let d be 1 + 1 + -1 + -1. What is the units digit of (d - -2)*10/j?
1
Let q(w) = w**2 - 12*w - 10. Let b be q(13). Suppose -2*p + 88 = 2*j, -b*j = -4*p - 2*j + 171. What is the tens digit of p?
4
Let m(d) = d**2 - 5*d - 10. Let k be m(-4). Suppose 56 = -3*u + 8. Let z = k + u. What is the tens digit of z?
1
Let z be -14*((-7)/2 - -3). Let v(j) = -j**2 + 4*j + 9. Let o be v(z). Let q(l) = -l**3 - 12*l**2 + 10. What is the tens digit of q(o)?
1
Let f(d) = 6*d - 7. Let q(t) = t. Let h(b) = f(b) - 3*q(b). Let i(c) = c - 2. Let s(j) = 6*h(j) - 22*i(j). What is the units digit of s(-5)?
2
Suppose 0*x - 330 = -5*x. Suppose 3*b - 111 = 30. Let j = x - b. What is the tens digit of j?
1
Let l be ((-72)/30)/((-2)/5). Suppose 2*c - 2*w = 6*c - 68, -c + 5*w + l = 0. What is the tens digit of c/40 - 216/(-10)?
2
Suppose 3*z - 85 + 43 = 0. What is the tens digit of z?
1
Suppose -648 = 4*h - 5*h. Let x = -383 + h. What is the units digit of x?
5
Let q be 528/56 + (-15)/35. Let v(n) = -21*n**2 - 2*n + 2. Let r be v(3). What is the units digit of r/(-5) - q/15?
8
Let m be (-13)/(3 - 2 - 0). Let q = -9 - m. Suppose q*k + s = 62, 49 = -3*k + 6*k + 2*s. What is the units digit of k?
5
What is the units digit of 7494/4*(-20 - 930/(-45))?
9
What is the hundreds digit of (1/(-2))/(((-99)/11)/31410)?
7
Let s = 147 + -142. Suppose n = -3*c + 77, s*n + 2*c - 5*c - 421 = 0. What is the units digit of n?
3
Let w(i) = 3*i**2 - 1. Let h be w(1). Suppose -3*z = -h*z - 2. Suppose -6*a + z*a = -68. What is the tens digit of a?
1
Suppose 13*h = -3*p + 9*h + 6624, 4*p - 8832 = 5*h. What is the hundreds digit of p?
2
What is the hundreds digit of (2219/5)/(3 + (-112)/40)?
2
Let b(q) = -q**2 - 8*q + 6. Let z be b(-7). Let c = z + 40. What is the tens digit of c?
5
Suppose 10*q - 580 = 350. What is the units digit of q?
3
Let v be (2 - 0)*300/8. Suppose -f = -4*w - 46, 4*f + 3*w - 184 = -0*w. Let n = v - f. What is the units digit of n?
9
Suppose -n + 6 + 7 = 0. Let l = n - 11. Suppose -l*c = -4*x - c + 109, 3*x - 73 = -c. What is the units digit of x?
6
What is the tens digit of ((-279)/5)/((-294)/15190)?
8
Let a(w) = -2328*w**2 + 2*w + 2. Let u be a(-1). What is the hundreds digit of (-6)/(-10) - u/20 - -2?
1
Suppose -4*r - 4*j + 13932 = 0, -3*r - 5*j - 3001 = -13446. What is the tens digit of r?
8
Let s(y) = -y**3 - y**2 + 3*y. Let x = -16 - -12. What is the units digit of s(x)?
6
Suppose -3*o = 2*n - 12, o = -5*n - o + 8. Suppose n = -2*f + 3*h + 71, 3*h + 0*h + 3 = 0. What is the tens digit of f?
3
Let m(l) = -6*l**3 - l**2 - 3. What is the tens digit of m(-2)?
4
Suppose 0 = 5*l - 3*q - 3895, 3*l + 0*q - 2353 = 5*q. What is the tens digit of l?
7
Suppose -37*a + 792 = -13*a. Suppose 0 = -l + 3*l + 44. Let q = l + a. What is the tens digit of q?
1
Suppose 2*l - 115 = 2*z - 1151, -5*l + 2108 = 4*z. What is the tens digit of z?
2
Let n be 2 + -2 - 0/(-3). Suppose -3*l + 4*l - 116 = n. What is the hundreds digit of l?
1
Suppose 5*i - 942 = -252. Let q = -35 + i. What is the hundreds digit of q?
1
Let a = 41 - 34. Suppose 5*x + 0*x = 3*z - 1, a = z + 5*x. What is the tens digit of 110/(-4)*(z + -4)?
5
Suppose 10*n - 5*n + 310 = 0. Let o = n - -237. What is the units digit of o?
5
What is the hundreds digit of 5*(-1)/35*-1939?
2
Let z = -5 - -12. Suppose -130 = 5*w - z*w. Suppose -5*o = 5 - w. What is the tens digit of o?
1
Suppose 8*i - 15 = 5*i. Suppose 3*f + i*k - 110 = 0, -4*f + 3*k = -0*k - 166. What is the tens digit of f?
4
Let j = -1065 - -1718. What is the tens digit of j?
5
Suppose 103*v + 9*v - 463904 = 0. What is the thousands digit of v?
4
Suppose -3*p + 845 = -5*n - 663, 3*p - 1476 = -3*n. What is the units digit of p?
6
Suppose 0 = -2*o - 2 + 6. Suppose -k - 4 = -0*k, -o*k = -3*x + 188. What is the units digit of x?
0
Let k = 11 + -3. Let q(m) = 4*m**2 - 12*m - 11. Let c(n) = n**2 - n. Le